
7
Let t(h) be the third derivative of -1/12*h**4 - 1/2*h**3 - 1/60*h**5 + 0 + 0*h - 4*h**2 - 1/120*h**6. Calculate t(-2).
5
Let o be (-3)/2*(2 - 4). Let y(g) = 8*g - 4*g - o + 3. Suppose 0 = -x - 0*x - 2*b - 7, -5*b = 4*x + 19. Give y(x).
-4
Let z(m) = -m**2 + 5*m + 6. Let x be z(6). Suppose n = s, x = s - 7*n + 4*n. Let q(h) = 8 + 3*h + 0*h - 2*h. What is q(s)?
8
Let f(h) be the second derivative of 2/3*h**3 + 1/12*h**4 + 20*h - 7/2*h**2 + 0. Calculate f(-5).
-2
Let i = 15 + -4. Let m(r) = 3*r**2 + 8*r - 4. Let t(k) = -2*k**2 - 9*k + 5. Let n(v) = -3*m(v) - 4*t(v). Determine n(i).
3
Let g(f) be the second derivative of -f**3/6 + 8*f**2 + f + 52. Give g(6).
10
Suppose a + 3*p = -0*a, 3*p = 5*a + 36. Let x = 109 - 122. Let l = x - a. Let m(u) = -u**2 - 6*u + 5. Give m(l).
-2
Suppose -5*p + 2*r - 5 = -61, -5*r + 10 = 0. Let n(f) = -f**2 + 13*f - 9. Calculate n(p).
3
Let f(c) = -2*c - 9. Let j be f(-6). Let d be 2 - (-1 + j + -3). Suppose 4*o + 8 = -d*m, -2*o + 0*m - 4*m - 14 = 0. Let h(n) = 6*n. Calculate h(o).
6
Let w(o) = -o**2 + 8*o + 9. Let r be w(5). Let p = r - 6. Let v = p - 10. Let x(u) = u**3 - 7*u**2 - 9*u + 5. Determine x(v).
-3
Suppose 1 - 26 = 5*r. Let w(s) = 22*s**2 + 10*s + 22. Let l(p) = -9*p**2 - 4*p - 9. Let n(u) = r*w(u) - 12*l(u). What is n(-2)?
-6
Let k(i) = 4*i. Suppose 4*n - 5*n - 21 = 0. Let f = -19 - n. Suppose -f = 5*c + 13. Calculate k(c).
-12
Let d = -6 - 0. Let x(y) = y - 1. Suppose 5*s + q = 0, -4*q + 7*q = -15. Let w(a) = 3*a - 10. Let c(u) = s*w(u) - 4*x(u). Determine c(d).
0
Let t(g) = -3*g + 2. Let j(u) = -u + 1. Let h(l) = -10*j(l) + 4*t(l). Let x(d) = 2*d**3 + 62*d**2 + 62*d + 54. Let v be x(-30). Determine h(v).
10
Let i = -2364 + 2370. Let q(j) = 7*j**3 - 6*j**2 - 6*j + 10. Let l(t) = 20*t**3 - 18*t**2 - 17*t + 29. Let y(z) = -6*l(z) + 17*q(z). Give y(i).
-4
Let c(y) = 5*y**2 + 1 - y**2 + 114*y**3 + y - 112*y**3 - 3*y**2. Let l(j) = -2*j**3 - 9*j**2 + 6*j + 4. Let h be l(-5). What is c(h)?
-1
Let d(z) = 3 - 16*z**2 + 2*z - 4 + 10*z**2 + 0. Suppose 0 = 5*i - 3*i. Let x be 0 - (-1 + (0 - i)). Give d(x).
-5
Let b(u) = -3*u + 658*u**2 + 7 + u - 3*u - 657*u**2. Calculate b(5).
7
Let n(l) = -6*l + 2*l**2 - 7*l + 2*l + 7*l. Let p be n(3). Let v(z) = 1 + 0 + 0 + z - p. What is v(4)?
-1
Suppose v = -5*n + 47, 0 = 4*n - 5*v - 18 - 8. Suppose 0*z + n = 3*z. Let a(u) = -1 + u**2 - u + 6 + z - 3. What is a(0)?
5
Let a(l) = 68*l**3 - 9*l**2 + 17*l + 15. Let f(p) = 33*p**3 - 4*p**2 + 8*p + 7. Let r(z) = 6*a(z) - 13*f(z). Determine r(-1).
20
Let n = -10 + 10. Suppose n = 6*s - s. Let l(h) be the second derivative of h**3/6 + 2*h**2 + 13*h. Give l(s).
4
Suppose -2*u + 19 = -3*b, -2*u = 4*b - 0*u + 2. Let f(s) be the third derivative of -1/6*s**3 - 1/24*s**4 - 9*s**2 + 0 + 0*s. Calculate f(b).
2
Let w(n) = n**3 - n**2 + 4*n - 1. Let r(c) = 2*c**3 - c**2 + 9*c - 3. Let a = 82 - 84. Let q(u) = a*r(u) + 5*w(u). Give q(3).
7
Let b(u) = -4*u + 13. Let g(v) = -3*v + 2. Let c(h) = b(h) - 2*g(h). Determine c(7).
23
Let q = 63 + -70. Let h(r) be the second derivative of r**4/24 - r**3/6 + 5*r**2/2 - 7*r. Let l(b) be the first derivative of h(b). Give l(q).
-8
Let p(a) = a**3 - a**2 - 2*a + 1. Let i(h) = -h**2 + h + 11. Let u be i(0). Suppose 2*k + u = 1. Let y = k + 7. Determine p(y).
1
Let c(u) = u + 0 - 5*u - 3. Suppose 2 = -w + 5. Give c(w).
-15
Let q = -100 - -104. Let n(y) = -y**2 + 6*y - 4. Determine n(q).
4
Let t(x) be the second derivative of -x**5/5 + x**4/6 + x**3/6 + 4*x. Let a(r) = r**2 + 2*r - 9. Let o be a(-4). Give t(o).
5
Let f(g) be the second derivative of g**5/20 - g**4/4 - g**3 - g**2/2 - 275*g + 2. Let n be (0 + 1)/((-3)/(-15)). Give f(n).
19
Let f(b) = b**2 + 10*b + 3. Let l(h) = -2*h**3 - 17*h**2 - 36*h - 15. Let v be l(-5). Calculate f(v).
3
Suppose 20 = -5*q + q + c, 16 = q + 5*c. Let i be (65/(-20) - q)*4. Let h(n) = -2*n**3 + 3*n**2 + 5*n - 2. What is h(i)?
-14
Suppose 0*w - 15 = -5*w. Let y(z) = -5 - 3*z**2 - 4*z**3 + 2 + 3*z**w + 2*z. Calculate y(-3).
-9
Let f = -11 + 13. Let n(i) = i - 4*i + f*i. Let l be (-54)/24 + 3/12. What is n(l)?
2
Let g(t) = -t**2 + 3*t - 2. Let w(u) be the second derivative of u**5/20 + u**4/3 - u**3/2 - 9*u**2/2 - 13*u. Let x be w(-4). What is g(x)?
-2
Let m(x) = -42*x**3 + 106*x + 1 - 107*x - 4 + 4. Calculate m(1).
-42
Let a = 67 + -35. Let v = -30 + a. Let s(z) = -z**2 - 2*z + 2. Calculate s(v).
-6
Suppose m - 2*m - 5 = 0. Let j(n) = n**3 + 4*n**2 + 1. Let r(o) = o**3 + 4*o**2 - o + 1. Let z(c) = 3*j(c) - 4*r(c). Determine z(m).
4
Let o(f) = -f**2 + 2*f - 1. Let g(a) = a**3 + 8*a**2 - 10*a - 6. Let s = 10 + -19. Let y be g(s). Suppose -p = c - 4, -5*p - c + 19 = y*c. Give o(p).
-4
Let q(f) = f**3 + f**2 + 10. Let t(i) = -3*i + 20. Let g(b) = -3*b + 21. Let z(v) = 4*g(v) - 3*t(v). Let y be z(8). Give q(y).
10
Let l(a) = a**3 + 35*a**2 + 190*a - 173. Let z be l(-28). Let y(x) = x + x + 5 - x. Calculate y(z).
0
Let g = 176 + -174. Let p(s) = -s**2 + s - 3. Give p(g).
-5
Let m = 23 + 29. Let w(o) = -6*o - m + 52. Let n = 2 + -3. Determine w(n).
6
Let c(y) = -1 + 1 - 2 - y**3 + y**2 - y. Suppose 3 = 3*d - 4*d. Let k be ((-27)/d)/(-3) - -3. Give c(k).
-2
Let v(c) = -5*c. Let y = 86 - 83. Suppose 3*a + y = -0. Determine v(a).
5
Let v(g) = g - 3. Let y(f) = f - 2. Suppose -2*w + 16 = -4*a, 9*w - 10 = 4*w. Let m(l) = 2*l - 4. Let u(s) = a*m(s) + 5*y(s). Let i be u(7). Calculate v(i).
-8
Let d(b) = 4*b**2 + 7*b + 19. Let y(q) = -3*q**2 - 5*q - 13. Let m(n) = -5*d(n) - 7*y(n). Give m(0).
-4
Let r(u) = 3*u**2 + 6*u - 5. Let o(s) = -3*s**2 - 7*s + 6. Let v(k) = -4*o(k) - 5*r(k). Let m = -9 + 18. Suppose q - m*q + 8 = 0. Calculate v(q).
-4
Let m = -57 - -59. Let y(d) = -80*d**m + 79*d**2 - 1 + 3 + 5 + 6*d. Let b be 5 + 0 + 1 + -1. Give y(b).
12
Let t(v) = 2*v**2 - 5*v - 9. Let p(o) = o**2 - 3*o - 6. Let i(y) = 3*p(y) - 2*t(y). Let c(a) = -a**3 + 7*a**2 - a + 10. Let b be c(7). Calculate i(b).
-6
Let t(q) = q - 1. Let a(c) = -c**3 + 4*c**2 + 3. Let d(i) = a(i) + t(i). Calculate d(4).
6
Suppose -2*m + 4*m = 26. Suppose m = 3*v + 2*y, 0*v - v + y = -11. Let r(l) = -l + 9. Give r(v).
2
Let s(n) be the first derivative of -n**3/3 + 9*n**2/2 - 5*n + 6. Suppose -3*d - 3*u + 0*u = -9, 0 = -4*d - 2*u + 16. What is s(d)?
15
Let i(h) be the first derivative of h**4/4 - 5*h**3/3 - h**2 - 6*h + 205. Give i(5).
-16
Suppose 247*z = 3*d + 242*z, 4*d - 23 = -z. Let y(v) = -5*v + 28. Determine y(d).
3
Let a(t) be the first derivative of 3*t + 18 - 7/2*t**2 - 1/3*t**3. What is a(-6)?
9
Suppose s = -2*w + 7, 0 = -4*s - s - 2*w - 5. Let h(z) = 6*z + 2. Give h(s).
-16
Let z(g) = 2*g - 2. Let j be z(1). Suppose -5*p + 27 = m, j = -2*p + 9 - 1. Suppose 0 = -5*x + m*x + 4. Let u(w) = w**2 + w - 1. What is u(x)?
1
Let n(v) be the first derivative of v**3/3 + 6*v**2 + 10*v + 186. Give n(-12).
10
Suppose 2*l - 6 = 2*w, -4*w = -2*l + 12 - 16. Let c(m) = -m - 7. Calculate c(l).
-15
Let p(b) = b**3 + 4*b**2 - 3*b + 2. Suppose 0 = -30*x + 33*x + 15. What is p(x)?
-8
Let i(d) = 26 + 2*d**3 - 8 - 16 - 3*d**3. Give i(-2).
10
Let p(a) be the second derivative of 5/2*a**2 + 1/20*a**5 + 1/2*a**3 - 1/2*a**4 + 0 + 2*a. What is p(5)?
-5
Let b(s) be the first derivative of s**4/24 - 5*s**2/2 - 8. Let k(q) be the second derivative of b(q). Calculate k(1).
1
Let c(a) = -a + 13. Let y(l) = -l**2 - 5*l + 37. Let q be y(-8). Determine c(q).
0
Let z(h) = -4*h - 16. Suppose 31 - 1 = -5*w. Let v be z(w). Let l(k) = -1 - 13*k + v*k + 3*k. Give l(-2).
3
Let j(d) = -5*d - 3. Let l be (-2)/(-12) - ((-31)/(-6) - 3). Let o be (l - 1)/(3 - 24/16). What is j(o)?
7
Suppose 2*x = y - 3, -x + 18 = 2*y + x. Let p(u) be the third derivative of u**5/60 - u**4/4 - 7*u**3/6 - 46*u**2. Give p(y).
0
Let l(a) = a**3 - 5*a**2 - 10*a - 9 + 2 + 5*a. Let k(u) = -u**2 + u + 5. Let q be k(0). Let c be 5 + (q - (1 - -3)). Determine l(c).
-1
Suppose 0*f + 16 = 4*f. Let q(w) = w**2 + 5*w + 2. Let d(h) = -h**2 - 3*h - 2. Let c(j) = 6*d(j) + 5*q(j). Determine c(f).
10
Let w = 4 - 2. Let j(l) = -3*l + 0*l**2 - 3*l + l**w. Let o = -366 + 371. Calculate j(o).
-5
Let y(k) = -4 + k**2 - 2*k**2 + 4*k - k**3 + 4*k**2. Let d(x) = -3*x - 2. Let z be d(-2). Suppose -1 = -z*p + 15. What is y(p)?
-4
Let p = -27 - -28. Let r(f) = 7 - p - 2 + f**2. Give r(0).
4
Let f be 13 - 11